 Let n(a) = 6*g(a) - 11*y(a). What is n(f)?
7
Let r(q) be the third derivative of q**6/120 - q**5/60 - q**4/24 + q**3/6 + 2*q**2. Let k be r(2). Let m(h) = -3*h - 3*h + 1 + 2 + 5*h. Determine m(k).
0
Let k(n) be the third derivative of 0*n + 0*n**3 + 0 - 1/12*n**4 - 1/60*n**5 - 6*n**2. Give k(-3).
-3
Let q(t) = -6*t - 3. Let p(z) = -z**2 + 13*z - 34. Let g be p(9). Give q(g).
-15
Let t be ((-7)/14*6)/(1 - 2). Let n(z) = -3*z - 2*z**t + 10*z**3 + 5*z**2 - 7 - 3*z**3 - 4*z**3. Suppose -35 = l + 3*l - 3*o, -4*l + 5*o = 45. Give n(l).
8
Suppose -j - 43 = -4*i, 17*i = 21*i + 2*j - 34. Let q(f) = 2 - 6*f**2 + 10*f - 1 - 15 + 5*f**2. Calculate q(i).
-14
Let p be -2 + (-14)/21*-3. Let c(j) be the first derivative of -j**5/60 + j**4/24 - 7*j**3/6 + j**2/2 + 1. Let r(m) be the second derivative of c(m). Give r(p).
-7
Let b = -5 + 8. Suppose b*s = 6*s - 9. Let w(y) = -2*y + s + 0 - 2 - 4. Calculate w(-2).
1
Suppose 0 = -2*b + 6 - 2. Suppose 173 = 17*q - 48. Let x(g) = 0*g**b + 8 + g**2 - q. Determine x(0).
-5
Let r(w) be the third derivative of 5*w**4/12 + w**3/2 + 9*w**2. Let o(y) = -y. Let x(f) = -22*o(f) - 2*r(f). Give x(4).
2
Suppose j = 5*j - 16. Suppose -5*l + 15 = -4*m - m, 18 = 2*m + j*l. Let b be 2/m + -2 + -2. Let r(g) = 2*g**2 + 2*g. What is r(b)?
4
Suppose -351*z = -333*z + 18. Let v = -1 - -12. Let p(o) = 1 + 9*o - v*o**2 - 9*o. Calculate p(z).
-10
Let s be (6/21 - 48/(-28))*1. Suppose -5*a + p + 8 = -s*p, -4*p + 12 = -a. Let n(r) be the second derivative of -r**4/12 + r**3 - 3*r**2 + r. Determine n(a).
2
Let m be -2*12/16*(-16)/6. Suppose 3*c = -m*t, 0 + 3 = -t. Let p(k) = 2*k**2 - 2*k - 2. Give p(c).
22
Suppose -2*l = 5*b - 6, 4*b - 19 = -5*l - 4. Let w(n) be the first derivative of 3*n + 5 + 7/2*n**2 + 1/3*n**l. What is w(-5)?
-7
Let w(b) = b**3 - 17*b**2 + 15*b + 10. Let g(j) = j**3 - 13*j**2 - 7*j - 82. Let p be g(14). Determine w(p).
-6
Let i(k) = k + 1. Let m(l) = 3*l - 23. Let n = 42 - 35. Let a be m(n). Determine i(a).
-1
Let l(f) = -3*f + 1. Let n(v) = -v**2 - 11*v - 10. Let p be n(-9). Suppose p*k - 4 = 4*k. Calculate l(k).
-2
Let a(p) = 5 - 22 + 6 + 9*p + 15. Give a(-5).
-41
Let p(r) = r**3 - 2*r**2 - 3*r - 1. Let x(q) = -4*q**3 + 6*q**2 + 10*q + 4. Let y(m) = 7*p(m) + 2*x(m). Let n be (-2)/4*3*12/9. Determine y(n).
3
Let y(f) = -5*f**2 - 33*f - 33. Let j be y(-1). Let b(a) = a**2 + 5*a + 2. What is b(j)?
2
Let l(z) = -z**3 - 10*z**2 + z + 1. Let i(y) = -2*y**2 - 47*y + 92. Let w be i(2). Determine l(w).
-9
Let t = -212 - -213. Let p be (-4)/(-3)*12/8. Let h(w) = w + 3*w**2 - p*w**2 - 4 - t. Calculate h(4).
15
Let j(h) = h - 4. Let g be -3*1*(-188)/141. Determine j(g).
0
Let q(n) = 7*n**3 - 5*n**2 + 5*n. Let l(v) = 16*v - 7*v**2 + 20*v**3 - 2*v - 7*v**2. Let c(f) = 5*l(f) - 14*q(f). Determine c(1).
2
Let k(d) = d - 19. Let p be k(11). Let b be (2/p - 2/56)*-7. Let y(w) = -3*w**3 + w**2 - w + 2. Give y(b).
-20
Let o be (-1 - (-16)/10) + (-66)/10. Let q(j) = j**3 - 3*j**2 + j - 7. Let l(b) = b**3 - 3*b**2 + b - 8. Let d(x) = o*q(x) + 5*l(x). What is d(4)?
-18
Let d(m) = -m + 5. Let y(g) = 2*g**2 + 9*g + 10. Let i be y(-3). Let k be d(i). Let r(c) = 5*c + 1. Give r(k).
21
Suppose 0 = 2*z - 8, 3*s - s + 2*z - 18 = 0. Let d(n) = -n - 2. What is d(s)?
-7
Let f(l) = -8*l**2 + l. Suppose 4*r + 22 - 47 = -5*i, 3*i - 3*r + 12 = 0. What is f(i)?
-7
Let h(d) = 2*d + 6. Let f(j) = -j + 1. Let b(n) = f(n) + h(n). Let v be b(-5). Let g(k) = 2*k**3 - k**2 - 3*k + 3. What is g(v)?
9
Let t(w) = -w**2 - 10*w + 6. Suppose -2 = 3*z - 4*d + 39, -5*z = -4*d + 63. What is t(z)?
-5
Let m(t) = t**3 + 9*t**2 + 8*t. Let l be m(-8). Suppose -6 = -3*k - 2*p, 5*k - 10 = -l*p - 2*p. Let h(y) = -y**3 - 1 - 4*y**k + 4 - 4. Calculate h(-4).
-1
Let j(n) = n**3 - n**2 - 6*n + 5. Let g(a) = -5*a - 141. Let t be g(-29). What is j(t)?
29
Let b(q) = 9*q + 15. Let i(l) = 2*l + 2. Let p(z) = b(z) - 5*i(z). Give p(-7).
12
Let x be (2 - 2)*6/12 - -2. Let u(v) = v**2 - v + 2. Give u(x).
4
Let g(t) be the third derivative of 0*t - 7/24*t**4 + 0 + 0*t**3 - 2*t**2. Determine g(2).
-14
Let r be (27/(-4) - -5)/((-2)/8). Let n(i) = -11 + 3*i**2 - 6*i**3 + 2*i**2 + 4 + r*i**3. Determine n(-5).
-7
Suppose y + 3 = 0, d + 46*y + 5 = 44*y. Let b(z) = -2*z - 1. What is b(d)?
-3
Let v(n) be the second derivative of -n**4/12 + n**3/6 + 6*n**2 + 14*n. Let h be v(5). Let i(o) = o**2 + 9*o + 3. Give i(h).
-5
Suppose 31 = 29*v + 73 + 74. Let a = -1 - -7. Let y(z) = -5*z + 3 - 4*z + a*z. Determine y(v).
15
Let g = 1 + -1. Let z(b) be the first derivative of b**3/3 - 15*b - 6755. What is z(g)?
-15
Let o = -20 + 26. Let d(l) = -6*l**3 + 5*l**2 + 7*l + 13. Let b(a) = -a**3 + 1. Let z(j) = -5*b(j) + d(j). Determine z(o).
14
Suppose -5 = -2*b + 3. Let v(u) = u**2 - 7*u + b - 9*u**2 + 7*u**2. Calculate v(-6).
10
Suppose -5*q + 8 = -3*q, -4*y - 3*q + 24 = 0. Let g(h) = 3*h + 4*h**2 + 2*h - h + h**3 - 2 + y. Give g(-3).
-2
Let k(m) = m + 1. Let n be (4 + -2)*(-5)/(-2). Let q = -2 + n. Suppose -3*s + 0*c = 5*c - 15, 4*c - 12 = -q*s. Determine k(s).
1
Let y = -329 + 316. Let a(j) = -j**3 - 14*j**2 - 14*j - 17. What is a(y)?
-4
Let i(q) = -5*q. Let s(h) = 11*h. Let o be 6/4 - 115/(-10). Let p(m) = o*i(m) + 6*s(m). Let n be ((-2)/5)/((-8)/(-40)). Calculate p(n).
-2
Let r = 459 + -462. Let n(f) = -f**2 - 9*f - 7. Let i(u) = 3*u**2 + 26*u + 20. Suppose 1 = -j - 2. Let z(d) = j*i(d) - 8*n(d). What is z(r)?
5
Let x(t) = t**2 - 5*t - 11. Let a = 75 - 67. Calculate x(a).
13
Let l(v) be the third derivative of v**4/24 - v**3/2 + v**2 + 5*v. Let z = -3 - -10. What is l(z)?
4
Let p(l) = 22*l**2 - 5*l + 9. Let z(o) = -10*o**2 + 2*o - 4. Let i(g) = 3*p(g) + 7*z(g). Determine i(2).
-19
Let d(f) = -4*f**3 - f**2 + 6*f - 8. Let j(p) = -3*p**3 - 2*p**2 + 6*p - 7. Suppose -z = z + k + 6, 2*z - 2 = -5*k. Let t(l) = z*d(l) + 5*j(l). What is t(4)?
-11
Let z(w) be the third derivative of w**6/360 + 7*w**5/120 + w**4/12 + 19*w**3/6 + 33*w**2. Let a(s) be the first derivative of z(s). Determine a(-3).
-10
Let t(y) = y**2 - 18*y + 17. Let k(q) = -q**2 + 17*q - 15. Let x(d) = -6*k(d) - 5*t(d). Give x(8).
-27
Let b(r) = -3*r**3 + 17*r**2 - 14*r + 8. Let m(h) = h**3 - h - 1. Let y(q) = b(q) + 2*m(q). Determine y(16).
6
Let t = 18 + -15. Let w(k) = 0*k - 4*k + 2*k + t. Calculate w(3).
-3
Let g(w) = w**3 - 2*w**2 + w - 2. Let l(v) = -2*v + 4. Let n(y) = -2*y + 5. Let f(u) = -4*l(u) + 3*n(u). Let b be f(2). Calculate g(b).
10
Suppose 4*s = 3*v + 39, -2*v + 66 = -s + 6*s. Suppose 3*a - a = -s. Let w(q) = -q**3 - 5*q**2 + 6*q + 2. Calculate w(a).
2
Let s(l) = -l**3 + 9*l**2 - 15*l + 14. Let n be s(6). Suppose 22*d = -n - 100. Let a(q) = -q**3 - 7*q**2 - 6*q + 5. What is a(d)?
5
Let k(m) be the first derivative of -m**4/4 - 3*m**3 - 5*m**2 - 12*m + 274. Calculate k(-8).
4
Let h(w) be the third derivative of -w**8/3360 + w**7/5040 - w**6/720 + 3*w**5/10 - 10*w**2. Let s(t) be the third derivative of h(t). Calculate s(1).
-6
Let m(p) = -p**2 - p + 7. Let u(g) = -g**3 - 10*g**2 - 8*g + 10. Let w be u(-9). Let h be (w + (6 - 2))/1. Let c = h - 10. Give m(c).
-13
Suppose 5*f + 7*f - 72 = 0. Let k(r) = -5*r**3 - 15*r**2 + 6*r + 13. Let t(x) = 9*x**3 + 29*x**2 - 12*x - 25. Let n(b) = f*t(b) + 11*k(b). Give n(8).
9
Let h(c) = -3*c**2 - 1. Let m be 4/28 - 1/7. Let k be (-8)/(-4) + (m - 0) + 0. Determine h(k).
-13
Let b(o) be the first derivative of -8 + 0*o**2 - 1/120*o**5 - 2/3*o**3 - 1/24*o**4 + 0*o. Let r(k) be the third derivative of b(k). Determine r(-6).
5
Let d(b) = b**2 - 3*b - 3. Let k(g) = -g - 1. Let t(m) = 3*m. Let f(s) = -4*k(s) - t(s). Let o be f(-6). Calculate d(o).
7
Let h(g) = 4*g**2 - g + 1. Let l be h(1). Suppose -3*t + 6 = 3*a - 0, -5*t + l*a + 19 = 0. Suppose -t*c + 0*c = -18. Let j(m) = 2*m - 8. What is j(c)?
4
Let o(k) = k**2 + 6*k - 8. Suppose 0 = -2*f + 3*r - 59, -2*f + 6*r = 4*r + 58. Let w be 42/f*(0 - -4). Give o(w).
-8
Let h(l) = 1 + l + l - 3*l. Let x(a) = -5*a + 17. Suppose -4 - 7 = -4*g + 5*w, 0 = 5*w + 15. Let z(f) = g*x(f) + 6*h(f). Give z(-6).
-5
Let c(x) = 2*x - 4. Let i be -4 + 8/(-12)*-6. Let p(u) = -u**3 + u**2. Let g be p(i). Suppose 0 = 4*n - 5*y + 12, 5*n - 5*y = -g*n - 15. What is c(n)?
-10
Let l(g) be the second derivative of -3/2*g**2 + 0 - 7/6*g**3 - 6*g. Suppose 5*a + 4*v + 6 = -0, 3*a + 1 = -5